{"id":2,"date":"2016-02-03T04:08:41","date_gmt":"2016-02-03T04:08:41","guid":{"rendered":"http:\/\/wp442m.a10-52-158-154.qa.plesk.ru\/wordpress\/?page_id=2"},"modified":"2016-04-10T12:42:44","modified_gmt":"2016-04-10T10:42:44","slug":"sample-page","status":"publish","type":"page","link":"https:\/\/warum-alpakas.de\/?page_id=2","title":{"rendered":"Inhalt"},"content":{"rendered":"<p>Warum Alpakas?<\/p>\n<p>Manche fragen sich, warum es so viele Menschen gibt, die Alpakas toll finden.<\/p>\n<p>Auch wir bekommen diese Frage oft gestellt. So habe ich mich entschlossen, ein neues Buch zu unseren Lieblingstieren zu schreiben.<\/p>\n<p>Nat\u00fcrlich gibt es verschiedene Gr\u00fcnde, warum man sich Alpakas angeschafft hat oder \u00fcberlegt, sie zu erwerben.<\/p>\n<p>Ich habe mich bem\u00fcht, sie alle vorzustellen.<\/p>\n<p>In diesem Buch werden nat\u00fcrlich auch die Grundlagen von Haltung und Pflege beschrieben, die Kriterien f\u00fcr eine Zucht, die Aufzucht und notwendigen Vorbereitungen dazu. Ein gro\u00dfer Schwerpunkt des Buches befasst sich mit den unterschiedlichen Arten der Faserbewertung und deren Verarbeitung.<\/p>\n<p>Die wichtigsten Krankheiten werden besprochen, zus\u00e4tzlich einige Gedanken zu kontrovers diskutierten Thesen in der Alpakazucht vorgestellt, die bisher nur im englischsprachigen Raum diskutiert werden.<\/p>\n<p>Wir haben viele Leseproben bereitgestellt &#8211; verschaffen Sie sich einen ersten Eindruck von dem umfangreichen und informativen Inhalt, reich bebildert und in h\u00f6chster Qualit\u00e4t.<\/p>\n","protected":false},"excerpt":{"rendered":"<p>Warum Alpakas? Manche fragen sich, warum es so viele Menschen gibt, die Alpakas toll finden. Auch wir bekommen diese Frage oft gestellt. So habe ich mich entschlossen, ein neues Buch zu unseren Lieblingstieren zu schreiben. Nat\u00fcrlich gibt es verschiedene Gr\u00fcnde,<\/p>\n","protected":false},"author":1,"featured_media":0,"parent":0,"menu_order":0,"comment_status":"closed","ping_status":"open","template":"","meta":{"footnotes":""},"class_list":["post-2","page","type-page","status-publish","hentry"],"_links":{"self":[{"href":"https:\/\/warum-alpakas.de\/index.php?rest_route=\/wp\/v2\/pages\/2","targetHints":{"allow":["GET"]}}],"collection":[{"href":"https:\/\/warum-alpakas.de\/index.php?rest_route=\/wp\/v2\/pages"}],"about":[{"href":"https:\/\/warum-alpakas.de\/index.php?rest_route=\/wp\/v2\/types\/page"}],"author":[{"embeddable":true,"href":"https:\/\/warum-alpakas.de\/index.php?rest_route=\/wp\/v2\/users\/1"}],"replies":[{"embeddable":true,"href":"https:\/\/warum-alpakas.de\/index.php?rest_route=%2Fwp%2Fv2%2Fcomments&post=2"}],"version-history":[{"count":4,"href":"https:\/\/warum-alpakas.de\/index.php?rest_route=\/wp\/v2\/pages\/2\/revisions"}],"predecessor-version":[{"id":160,"href":"https:\/\/warum-alpakas.de\/index.php?rest_route=\/wp\/v2\/pages\/2\/revisions\/160"}],"wp:attachment":[{"href":"https:\/\/warum-alpakas.de\/index.php?rest_route=%2Fwp%2Fv2%2Fmedia&parent=2"}],"curies":[{"name":"wp","href":"https:\/\/api.w.org\/{rel}","templated":true}]}}