{"id":207,"date":"2016-12-14T14:47:19","date_gmt":"2016-12-14T12:47:19","guid":{"rendered":"https:\/\/warum-alpakas.de\/?page_id=207"},"modified":"2016-12-14T20:28:17","modified_gmt":"2016-12-14T18:28:17","slug":"hochwertige-ausstattung-2","status":"publish","type":"page","link":"https:\/\/warum-alpakas.de\/?page_id=207","title":{"rendered":"Hochwertige Ausstattung"},"content":{"rendered":"<p>Damit dieses Buch viele Jahre Freude macht, haben wir besonderen Wert auf die Ausstattung gelegt.<\/p>\n<p>Das beginnt mit dem Einband: er ist ein Hardcover mit einem Bezug aus einer samtigen Soft-Touch-Folie. Dadurch fasst sich das Buch sehr angenehm und stoff\u00e4hnlich an. Gleichzeitig ist es aber besonders gesch\u00fctzt, der Einband kann immer wieder feucht abgewischt werden und sieht anschlie\u00dfend aus wie neu.<\/p>\n<p>Das Foto unserer Stute &#8222;Peaches&#8220; wurde mit einem besonderen Lack aufgetragen, der es scheinbar ein wenig hervorspringen l\u00e4sst. Dadurch wirkt es lebendiger.<\/p>\n<p>Diesen besonderen Lack haben wir auch innerhalb des Buchs f\u00fcr alle Tierfotos verwendet. Dazu mussten nach dem ersten Druck der Seiten alle Fotos &#8222;ausgeschnitten&#8220; und ein zweites Mal gedruckt werden. Das Ergebnis kann sich in unseren Augen sehen lassen: die Fasern der Alpakas sind sehr viel plastischer zu sehen, die Tiere wirken lebendiger.<\/p>\n<p>Es ist gerade in den Kapiteln \u00fcber die Faser sehr wichtig, selbst kleine Unterschiede zu erkennen. Es kam uns aber vor allem darauf an, das Besondere der Alpakafaser m\u00f6glichst gut optisch &#8222;r\u00fcberzubringen&#8220;. Das ist mit diesem hochwertigen Lack sehr gut gelungen.<\/p>\n<p>Vor der ersten Benutzung haften die Seiten noch zusammen. Durch einfaches Umbiegen jeweils einmal nach rechts und nach links l\u00f6sen sich die Seiten sofort voneinander und dem Lesevergn\u00fcgen steht nicht mehr im Weg.<\/p>\n<p>Auch das Format von 24 x 24 cm wurde bewu\u00dft gew\u00e4hlt, um die Fotos und Texte in einem \u00fcbersichtlichen und ansehnlichen Zusammenhang darstellen zu k\u00f6nnen.<\/p>\n","protected":false},"excerpt":{"rendered":"<p>Damit dieses Buch viele Jahre Freude macht, haben wir besonderen Wert auf die Ausstattung gelegt. Das beginnt mit dem Einband: er ist ein Hardcover mit einem Bezug aus einer samtigen Soft-Touch-Folie. Dadurch fasst sich das Buch sehr angenehm und stoff\u00e4hnlich<\/p>\n","protected":false},"author":2,"featured_media":0,"parent":0,"menu_order":0,"comment_status":"closed","ping_status":"closed","template":"","meta":{"footnotes":""},"class_list":["post-207","page","type-page","status-publish","hentry"],"_links":{"self":[{"href":"https:\/\/warum-alpakas.de\/index.php?rest_route=\/wp\/v2\/pages\/207","targetHints":{"allow":["GET"]}}],"collection":[{"href":"https:\/\/warum-alpakas.de\/index.php?rest_route=\/wp\/v2\/pages"}],"about":[{"href":"https:\/\/warum-alpakas.de\/index.php?rest_route=\/wp\/v2\/types\/page"}],"author":[{"embeddable":true,"href":"https:\/\/warum-alpakas.de\/index.php?rest_route=\/wp\/v2\/users\/2"}],"replies":[{"embeddable":true,"href":"https:\/\/warum-alpakas.de\/index.php?rest_route=%2Fwp%2Fv2%2Fcomments&post=207"}],"version-history":[{"count":5,"href":"https:\/\/warum-alpakas.de\/index.php?rest_route=\/wp\/v2\/pages\/207\/revisions"}],"predecessor-version":[{"id":218,"href":"https:\/\/warum-alpakas.de\/index.php?rest_route=\/wp\/v2\/pages\/207\/revisions\/218"}],"wp:attachment":[{"href":"https:\/\/warum-alpakas.de\/index.php?rest_route=%2Fwp%2Fv2%2Fmedia&parent=207"}],"curies":[{"name":"wp","href":"https:\/\/api.w.org\/{rel}","templated":true}]}}